irst derivative of -j**4/2 - 7*j**3/6 - 3*j**2/2 - 1. Let q(m) be the second derivative of o(m). Is q(-5) composite?
False
Let z(l) = l**3 + 2*l**2 - 4*l - 1. Let y be z(-3). Is (-4 - -133 - -2) + y composite?
True
Let l(x) = 3*x**2 - 7*x**3 + 5 + x**3 - 7*x + 9*x**3. Is l(4) a composite number?
True
Let p(b) = 31*b**2 + b + 2. Let i be p(5). Suppose -2*g + 248 = i. Let s = -176 - g. Is s prime?
False
Suppose -i = t - 208 - 167, -5*t = -2*i - 1889. Is t a prime number?
False
Suppose -5*n - b - 2*b + 3176 = 0, 4*n + 4*b = 2544. Is n prime?
False
Is -4*1/2 - -295 composite?
False
Suppose -c - 211 = -2*c. Is c a composite number?
False
Let a(g) = -4*g + 3. Let z(c) = -c**3 + c**2 + 5*c - 2. Let n be z(3). Let x be a(n). Let l = 34 - x. Is l composite?
False
Suppose f + 20 = i, -4*i = -8*i - 5*f + 62. Let v = 7 + i. Is v composite?
True
Let r be (-12 - 0)*(-2)/6. Suppose y + 147 = r*y. Is y a composite number?
True
Let g(w) = w + 15. Let s be g(-11). Suppose -5*o = s*z - 222, 0 = 2*z - z - 4*o - 45. Is z a composite number?
False
Suppose 0 = 7*a + 2*a - 14103. Is a a prime number?
True
Let m(p) be the first derivative of p**2/2 - 4*p - 2. Let k be m(4). Suppose k = j - 3*j + 182. Is j a prime number?
False
Suppose -1 = -g + 12. Suppose -n + u = -g, -u = 4*n + u - 64. Is n a prime number?
False
Let t(h) = -h**2 - 6*h - 5. Let b be t(-4). Suppose 4*o - 2*r - r - 21 = 0, b*o = -5*r + 52. Is -1 - (-1 - (o - 2)) prime?
True
Let j(h) = h**2 - 4*h - 5. Let o be j(5). Suppose o = 5*u - 49 - 116. Is u composite?
True
Suppose 0 = 2*d + 2*d - c - 3940, d = 5*c + 985. Is d composite?
True
Let i = -23 - -23. Let g(w) = -w + 493. Is g(i) prime?
False
Let i(s) = -s**2 - 7*s - 6. Suppose 12 = -4*c - 12. Let g be i(c). Let u = 15 + g. Is u prime?
False
Suppose 0 = 5*p - 5*r + 14 - 89, 3*p + 2*r - 35 = 0. Let t = p - -5. Is (0 - -2)/2 + t composite?
False
Suppose p = 5*p + 3172. Let a be -2 + 4*p/2. Is a/(-20) - 4/10 composite?
False
Is 9440/(-48)*(-6)/4 prime?
False
Let d(o) = o**3 + 14*o**2 + 8*o - 3. Is d(-8) a composite number?
False
Let g = 7300 - 4301. Is g prime?
True
Is 5284/14 + (-48)/112 a composite number?
True
Is (-21180)/(-28) + (-24)/(-42) composite?
False
Let t(j) be the first derivative of 2*j**3/3 - j**2 - 3*j + 2. Let z be -5 - (0 + -1 + 0). Is t(z) prime?
True
Suppose r - 425 = 252. Is r a prime number?
True
Let n(t) = -11*t - 2. Let j(z) = -z**3 - 5*z**2 - 5*z - 2. Let c be j(-3). Is n(c) composite?
False
Let q(g) = g**3 - g**2 - g - 766. Let w be q(0). Let x = -419 - w. Is x a composite number?
False
Suppose -g + 8*o = 3*o - 90, -3*g = o - 334. Let p = g - -827. Is p composite?
False
Let q = 16 - 4. Let s(z) = 2 + 2*z**3 + 3 - q*z + 10*z**2 - 3*z**3. Is s(8) a prime number?
True
Let n(x) = 89*x. Let j be ((-1)/2)/((-1)/2). Is n(j) prime?
True
Let g = -26 - -22. Is (-1)/((0 - g)/(-184)) composite?
True
Suppose 4*v - 22 = -6. Let o = -357 + 802. Suppose -o = -v*l - l. Is l a prime number?
True
Let i(y) = -y**3 + y - 4. Let u = -1 + 4. Let s be i(u). Let v = s - -49. Is v a composite number?
True
Suppose -8 = -4*y + 2*y, 3*k - y + 16 = 0. Is 11 - (k + 2 - 1) composite?
True
Let x be (-54)/15*25/(-10). Is 115/x + 26/117 a composite number?
False
Suppose 0 = -3*m - 5*u + 361, 4*m - 492 = -u - 3*u. Is m prime?
True
Let t be 1 - (2 - (2 + -1)). Suppose 5 = h, -m + 6*m + 3*h - 400 = t. Is m a composite number?
True
Let l(y) = 18*y**2 - 10*y + 15. Is l(8) composite?
False
Is 3/(-6) - (-4956)/8 a composite number?
False
Suppose 5*q + 6 - 1 = 0. Is (-112 + 3)*q*1 a prime number?
True
Suppose 869 = 4*q - 3*d, q - 2*d = 2*d + 201. Is q composite?
True
Let q(i) = 42*i**2 - 3*i + 1. Is q(2) prime?
True
Let h(p) = -4*p**2 - 1 + 20*p**3 + 0 + 2*p - 4*p + 5*p. Is h(2) prime?
True
Suppose 0 = -4*r + 664 + 204. Is r composite?
True
Let h(a) = -a**2 - 7*a - 8. Let o = -9 - -3. Let m be h(o). Is 4/m + (-363)/(-3) a composite number?
True
Let d = 6 + -7. Is 48 + d*(-4)/(-2) a prime number?
False
Suppose 4*t - 3*r - 1892 = -t, -4 = -4*r. Is t a composite number?
False
Let w be ((-3)/(-4))/((-2)/8). Let r be (-22)/(-6) + (-1)/w. Suppose -2*f - 43 = -s - 0*f, -135 = -3*s + r*f. Is s prime?
False
Let o(n) = n**3 - 2*n**2 - n - 2. Suppose -6*c + 28 = -2*c. Let a = 11 - c. Is o(a) prime?
False
Let h be (-42)/(-4) - (-5)/(-10). Is (-7)/35 - (-792)/h a prime number?
True
Let k(v) = -v**2 - 6*v - 3. Let f be k(-4). Suppose -4*o + 5*t = -145, 3*t = f*o - 258 + 80. Is o a composite number?
True
Is 3/(-1)*28/(-21) composite?
True
Let s = -22 + 54. Let n = -50 + s. Is (-338)/n - (-2)/9 composite?
False
Suppose -1571 - 595 = -4*p + 2*i, -2708 = -5*p + 3*i. Is p a composite number?
False
Suppose -62 = -3*c + 1279. Is c prime?
False
Let t(h) = 132*h**2 - 1. Suppose -3*w - 23 = -5*p, 4*w - p + 4 + 4 = 0. Let q be ((-1)/3)/(w/(-3)). Is t(q) a prime number?
True
Let y(t) = t + 2. Let q be y(-6). Let j = q + 4. Suppose j = 5*x, 5*i + 0*x - 50 = 2*x. Is i a prime number?
False
Let s(f) = -35*f - 23. Is s(-8) a prime number?
True
Is (-255 + -2)/(3 + -4) a prime number?
True
Suppose 4*k - 12857 = -4*h - 4157, -4*k - 8684 = -4*h. Is h a composite number?
True
Let i(x) = -2*x - 5. Let b be i(-5). Suppose -15 = -5*s + b. Suppose q - 3*q + 125 = 3*m, 0 = s*m - q - 152. Is m prime?
False
Let r(n) = -2*n - 10. Let u(j) = -j**3 - 7. Let v be u(0). Let s be r(v). Is 24/18*114/s a composite number?
True
Let m(q) = 23*q. Let r be m(-12). Let x = r + 539. Is x a prime number?
True
Let x = 15 - 8. Let h(i) be the second derivative of i**5/20 - 5*i**4/12 - 7*i**3/6 - i**2 - i. Is h(x) composite?
False
Is 4383/45 + 4/(-10) composite?
False
Suppose 4*h - 2*j = 38, 4*h - 5*j = 3*h + 32. Let s(x) = 71*x + 2. Is s(h) composite?
False
Suppose 5*c - 240 = -0*c. Let w = c - 31. Let i = w - 7. Is i prime?
False
Suppose -4*l + l = -6. Suppose 124 = 2*s + l*s. Is s prime?
True
Let w(t) = -t**2 - 5*t - 4. Let q be w(-4). Suppose q = -2*h - h - 4*d + 154, 2*h = -5*d + 91. Is h composite?
True
Let u = 3 - 4. Suppose 8 = -3*o + 11. Is u/((-1)/6)*o prime?
False
Suppose -a - 4*v - v = -10, -3*a + 5*v = -10. Suppose -a*x + 2685 - 1030 = 0. Is x prime?
True
Let y(t) = t**2 - 8*t + 3. Let g be y(5). Let a be (g/10)/(18/60). Is (237/(-6))/(2/a) a composite number?
False
Suppose m - 20 = -5*z, 4*m - 5 = 2*z + 9. Let u(t) = t**3 + t**2 + t. Is u(z) prime?
False
Let x(d) = -25*d + 1. Let q be x(-1). Let o = -18 + q. Suppose -2*v + 6*r = 2*r - 58, -o = 2*r. Is v composite?
True
Let b = 4 + -12. Let g be ((-5)/4)/((-1)/b). Is (-5)/g + 170/4 a composite number?
False
Let p(a) = -12*a - 4. Let g be p(-7). Suppose -3*k + g = 2*k. Let y = 41 - k. Is y a composite number?
True
Suppose 3*c + 4792 = 4*i, -3*i + 2*i - 4*c = -1217. Is i prime?
True
Let z be 9/18 - (-230)/4. Suppose 3*o = 2*o + z. Is o a composite number?
True
Suppose 0*i - 895 = -i. Is i a prime number?
False
Let x be (-132)/5 - (-2)/5. Is (-1 + -1)*x/4 composite?
False
Is 2 + -3 + 7 + 155 prime?
False
Let g be (-3)/((6/8)/(-1)). Suppose 298 = 2*a + 2*u - u, -g*a + 4*u = -596. Is a a prime number?
True
Suppose -b - 2 = -5*b + 3*u, -4*b - u = -10. Let v be 1/(b + (-23)/11). Let r = 25 + v. Is r composite?
True
Let i(v) = -2*v**2 - 4*v**2 + 3*v**2 + 8*v**3 + 1. Is i(2) a composite number?
False
Let u be (-2)/4*-1*6. Let o = 11 - -44. Suppose 9 = u*n, 5*j + o = 5*n + 155. Is j a prime number?
True
Suppose -16 - 49 = 5*w. Let b be (-3)/6 + w/2. Is 360/28 - 1/b a prime number?
True
Suppose 2*b = -2*i + 684, -2*b + 3*b - 4*i - 317 = 0. Is b a prime number?
True
Suppose -15 = -5*y, -4*a + 0 = 2*y + 2. Suppose 4*o + 39 = o. Is (o/(-2))/(a/(-4)) prime?
True
Let f(y) = -y**3 - 3*y**3 - 3 - 2*y + 0*y**3. Is f(-2) a prime number?
False
Let o(n) = 10*n**2 - 1. Let l be o(-1). Suppose b - l = -2*r, 2*r + 2*b = 4*r. Is r prime?
True
Let k = -57 + 102. Suppose 0 = -3*i - 3*z + k, -17 = -2*i + z + 19. Let u = i + -7. Is u a prime number?
False
Suppose d - 2*d = 3*p + 3, 5*d = -2*p + 11. Is 0 + (-58)/(-4 + d) composite?
True
Let a be (-8)/(-4)*12/(-8). Is (7/a)/((-3)/99) composite?
True
Let i = 331 + -174. Is i composite?
False
Let o(f) = -f**2 - 7*f + 10. Let j be o(-8). Suppose 3*b = -j*n + 61, 0*n + 2*n - 3*b - 43 = 0. Is n a composite number?
True
Suppose 2*x + 4 = 4*x. Let m(o)